{"id":197,"date":"2010-03-09T22:42:20","date_gmt":"2010-03-09T21:42:20","guid":{"rendered":"http:\/\/windreiter.de\/wordpress\/?page_id=197"},"modified":"2010-03-09T22:42:20","modified_gmt":"2010-03-09T21:42:20","slug":"starrluftschiff","status":"publish","type":"page","link":"http:\/\/blog.windreiter.de\/?page_id=197","title":{"rendered":"Starrluftschiff"},"content":{"rendered":"<p>Um die unglaublichen Pionierleistungen der alten Zeppeline wenigstens im Modell wieder zum Leben zu erwecken, entstanden 2 Modelle von Starrluftschiffen, die nach historischem Vorbild eine starre Au\u00dfenh\u00fclle sowie eine formlose Gaszelle im Inneren besitzen. Die Umsetzung f\u00fcr eine Gr\u00f6\u00dfe unterhalb von 2 Metern L\u00e4nge stellt nahezu unm\u00f6gliche Bedingungen an den Leichtbau. Trotzdem sind beide Modelle, gebaut aus einem Ger\u00fcst aus Balsaholztr\u00e4gern und leichtem Bespannpapier, flugf\u00e4hig und lassen sich \u00fcber eine Fernbedienung dreidimensional steuern.<\/p>\n<p>[wp-imageflow2]<\/p>\n<p><strong>Pr\u00e4sentationsluftschiff<\/strong> (~200L)<\/p>\n<p>Innerhalb von 9 Tagen wurde dieses Luftschiff konstruiert und erstmals mit schwenkbarem Antrieb ausgestattet. Nach einigen Testfl\u00fcgen pr\u00e4sentierten wir das Starrluftschiff am &#8222;Tag der Studierenden&#8220; in den R\u00e4umen der Universit\u00e4t D\u00fcsseldorf, flogen Werbung und verteilten Flyer.<br \/>\n<object classid=\"clsid:d27cdb6e-ae6d-11cf-96b8-444553540000\" width=\"425\" height=\"344\" codebase=\"http:\/\/download.macromedia.com\/pub\/shockwave\/cabs\/flash\/swflash.cab#version=6,0,40,0\"><param name=\"allowFullScreen\" value=\"true\" \/><param name=\"allowScriptAccess\" value=\"always\" \/><param name=\"src\" value=\"http:\/\/www.youtube.com\/v\/en9R4qUlwpM&amp;color1=0xb1b1b1&amp;color2=0xcfcfcf&amp;hl=de_DE&amp;feature=player_embedded&amp;fs=1\" \/><param name=\"allowfullscreen\" value=\"true\" \/><embed type=\"application\/x-shockwave-flash\" width=\"425\" height=\"344\" src=\"http:\/\/www.youtube.com\/v\/en9R4qUlwpM&amp;color1=0xb1b1b1&amp;color2=0xcfcfcf&amp;hl=de_DE&amp;feature=player_embedded&amp;fs=1\" allowscriptaccess=\"always\" allowfullscreen=\"true\"><\/embed><\/object><\/p>\n<p><strong>Starrluftschiff, Freizeitmodell<\/strong> (~100L)<\/p>\n<p>Dieses Starrluftschiff entstand in Folge der Erfahrung mit dem Bau des Pr\u00e4sentationsluft- schiffes und war ein Versuch, den Leichtbau noch mehr an die Grenze des M\u00f6glichen zu treiben. Mit gerade einmal der H\u00e4lfte des Volumens und einem verbesserten Ger\u00fcstaufbau wurde das Modell um einiges schlanker und stromlinienf\u00f6rmiger. Mit der gleichen Motorisierung ist dieses Starrluftschiff wesentlich schneller als sein Vorg\u00e4nger und kommt im Flugbild den alten Zeppelinen noch n\u00e4her.<br \/>\n<object classid=\"clsid:d27cdb6e-ae6d-11cf-96b8-444553540000\" width=\"425\" height=\"344\" codebase=\"http:\/\/download.macromedia.com\/pub\/shockwave\/cabs\/flash\/swflash.cab#version=6,0,40,0\"><param name=\"allowFullScreen\" value=\"true\" \/><param name=\"allowScriptAccess\" value=\"always\" \/><param name=\"src\" value=\"http:\/\/www.youtube.com\/v\/M3ag5I5j3Ro&amp;color1=0xb1b1b1&amp;color2=0xcfcfcf&amp;hl=de_DE&amp;feature=player_embedded&amp;fs=1\" \/><param name=\"allowfullscreen\" value=\"true\" \/><embed type=\"application\/x-shockwave-flash\" width=\"425\" height=\"344\" src=\"http:\/\/www.youtube.com\/v\/M3ag5I5j3Ro&amp;color1=0xb1b1b1&amp;color2=0xcfcfcf&amp;hl=de_DE&amp;feature=player_embedded&amp;fs=1\" allowscriptaccess=\"always\" allowfullscreen=\"true\"><\/embed><\/object><\/p>\n","protected":false},"excerpt":{"rendered":"<p>Um die unglaublichen Pionierleistungen der alten Zeppeline wenigstens im Modell wieder zum Leben zu erwecken, entstanden 2 Modelle von Starrluftschiffen, die nach historischem Vorbild eine starre Au\u00dfenh\u00fclle sowie eine formlose Gaszelle im Inneren besitzen. Die Umsetzung f\u00fcr eine Gr\u00f6\u00dfe unterhalb &hellip;<\/p>\n<p class=\"read-more\"> <a class=\"more-link\" href=\"http:\/\/blog.windreiter.de\/?page_id=197\"> <span class=\"screen-reader-text\">Starrluftschiff<\/span> Read More &raquo;<\/a><\/p>\n","protected":false},"author":3,"featured_media":0,"parent":29,"menu_order":0,"comment_status":"closed","ping_status":"open","template":"","meta":[],"_links":{"self":[{"href":"http:\/\/blog.windreiter.de\/index.php?rest_route=\/wp\/v2\/pages\/197"}],"collection":[{"href":"http:\/\/blog.windreiter.de\/index.php?rest_route=\/wp\/v2\/pages"}],"about":[{"href":"http:\/\/blog.windreiter.de\/index.php?rest_route=\/wp\/v2\/types\/page"}],"author":[{"embeddable":true,"href":"http:\/\/blog.windreiter.de\/index.php?rest_route=\/wp\/v2\/users\/3"}],"replies":[{"embeddable":true,"href":"http:\/\/blog.windreiter.de\/index.php?rest_route=%2Fwp%2Fv2%2Fcomments&post=197"}],"version-history":[{"count":0,"href":"http:\/\/blog.windreiter.de\/index.php?rest_route=\/wp\/v2\/pages\/197\/revisions"}],"up":[{"embeddable":true,"href":"http:\/\/blog.windreiter.de\/index.php?rest_route=\/wp\/v2\/pages\/29"}],"wp:attachment":[{"href":"http:\/\/blog.windreiter.de\/index.php?rest_route=%2Fwp%2Fv2%2Fmedia&parent=197"}],"curies":[{"name":"wp","href":"https:\/\/api.w.org\/{rel}","templated":true}]}}