{"id":477,"date":"2010-03-07T22:06:33","date_gmt":"2010-03-07T22:06:33","guid":{"rendered":"http:\/\/windreiter.de\/wordpress\/?page_id=2"},"modified":"2015-10-31T22:18:11","modified_gmt":"2015-10-31T20:18:11","slug":"about","status":"publish","type":"page","link":"http:\/\/blog.windreiter.de\/?page_id=477","title":{"rendered":"About"},"content":{"rendered":"<p>Das Projekt Windreiter ist eine Gruppe von Studenten die sich mit Planung, Bau und Betrieb innovativer Luftschiff besch\u00e4ftigt.<\/p>\n<p><code><iframe loading=\"lazy\" src=\"http:\/\/www.youtube.com\/embed\/0033vB5-3XM\" width=\"252\" height=\"189\" frameborder=\"0\" allowfullscreen=\"allowfullscreen\"><\/iframe><\/code><\/p>\n<p style=\"text-align: justify;\">Seit dem Jungfernflug des ersten Luftschiffmodells in einem H\u00f6rsaal 2007 haben wir unz\u00e4hlige Schiffe erdacht, gebaut und getestet, Reisen unternommen, Kirchen gefilmt und jede Menge Spa\u00df gehabt. Mehr Informationen \u00fcber unsere Projekte und Aktionen findet man im Blog, unseren Videos und auf der Homepage, oder direkt beim Windreiter Team:<\/p>\n<p style=\"text-align: center;\"><strong>Windreiter Team:<\/strong><\/p>\n<p style=\"text-align: center;\"><strong>Andr\u00e9<\/strong>\u00a0Sobotta<br \/>\nPlanung, Technische Beratung<br \/>\nHHU D\u00fcsseldorf<br \/>\nandre [\u00e4t] windreiter.de<\/p>\n<p style=\"text-align: center;\"><strong>Andreas<\/strong> Burkart<br \/>\nPlanung, Konstruktion<br \/>\nandreas [\u00e4t] windreiter.de<\/p>\n<p style=\"text-align: center;\"><strong>Clemens<\/strong> Mayer<br \/>\nIT, Dokumentation<br \/>\nUni Duisburg-Essen<br \/>\nclemens [\u00e4t] windreiter.de<\/p>\n<p style=\"text-align: center;\"><strong>Thomas<\/strong> Burkart<br \/>\nDesign, Rapid Prototyping<br \/>\nFH D\u00fcsseldorf<br \/>\nthomas [\u00e4t] windreiter.de<\/p>\n<p style=\"text-align: center;\">\n<p>Danksagung:<\/p>\n<div>\n<p style=\"text-align: justify;\">Viele Menschen und Institutionen haben \u00fcber die Jahre hinweg zum Erfolg des Projekts beigetragen und es ist kaum m\u00f6glich alle aufzuz\u00e4hlen. Um wenigstens einige zu nennen bedanken wir uns bei den folgenden herzlich f\u00fcr wunderbare Ideen, gro\u00dfartige Hilfe und hoffen auf viele weitere Aktionen:<\/p>\n<\/div>\n<div>\n<p style=\"text-align: center;\">Johannes Eissing<\/p>\n<\/div>\n<div style=\"text-align: center;\">\n<p>Imke Jensen<\/p>\n<\/div>\n<div style=\"text-align: center;\">\n<p>Martin Zobel<\/p>\n<\/div>\n<div style=\"text-align: center;\">\n<p>Lars Pasche<\/p>\n<p>Sophia Terwiel<\/p>\n<p>Kai Wittneben<\/p>\n<\/div>\n<div style=\"text-align: center;\">\n<p>Alexander Tischler<\/p>\n<\/div>\n<div style=\"text-align: center;\">\n<p>Thomas Wrobel<\/p>\n<\/div>\n<div style=\"text-align: center;\">\n<p>Leonie Tonsen<\/p>\n<\/div>\n<div style=\"text-align: center;\">\n<p>Nico Hoochhausen<\/p>\n<\/div>\n<div style=\"text-align: center;\">\n<p>Tobias Glissmann<\/p>\n<\/div>\n<div style=\"text-align: center;\">\n<p>\u00a0<a href=\"http:\/\/www.airtrak-airship.de\/\">Airtrak Airship<\/a><\/p>\n<\/div>\n<p style=\"text-align: center;\">\u00a0\u00a0<a style=\"text-align: center;\" title=\"Botanischer Garten D\u00fcsseldorf\" href=\"http:\/\/www.botanischergarten.uni-duesseldorf.de\/\" target=\"_blank\">Botanischer Garten D\u00fcsseldorf<\/a><\/p>\n<p style=\"text-align: center;\">\u00a0<a style=\"text-align: center;\" href=\"http:\/\/www.schlosskirche-fn.de\/\">Pamela Barke<\/a><\/p>\n<div>\n<p style=\"text-align: center;\"><a href=\"http:\/\/www.evangelisch-in-duesseldorf.de\/\">Evangelischer Kirchenkreis D\u00fcsseldorf<\/a><\/p>\n<\/div>\n<div>\n<p style=\"text-align: center;\"><a href=\"http:\/\/www.tag-der-technik.de\/\">Tag der Technik D\u00fcsseldorf<\/a><\/p>\n<\/div>\n<div>\n<p style=\"text-align: center;\"><a href=\"http:\/\/www.lore-lorentz-schule.de\/index2.html\">Lore-Lorenz Schule<\/a><\/p>\n<p style=\"text-align: center;\">&#8230;und viele viele weitere<\/p>\n<\/div>\n","protected":false},"excerpt":{"rendered":"<p>Das Projekt Windreiter ist eine Gruppe von Studenten die sich mit Planung, Bau und Betrieb innovativer Luftschiff besch\u00e4ftigt. Seit dem Jungfernflug des ersten Luftschiffmodells in einem H\u00f6rsaal 2007 haben wir unz\u00e4hlige Schiffe erdacht, gebaut und getestet, Reisen unternommen, Kirchen gefilmt &hellip;<\/p>\n<p class=\"read-more\"> <a class=\"more-link\" href=\"http:\/\/blog.windreiter.de\/?page_id=477\"> <span class=\"screen-reader-text\">About<\/span> Read More &raquo;<\/a><\/p>\n","protected":false},"author":1,"featured_media":0,"parent":0,"menu_order":2,"comment_status":"closed","ping_status":"open","template":"content-sidebar-page.php","meta":[],"_links":{"self":[{"href":"http:\/\/blog.windreiter.de\/index.php?rest_route=\/wp\/v2\/pages\/477"}],"collection":[{"href":"http:\/\/blog.windreiter.de\/index.php?rest_route=\/wp\/v2\/pages"}],"about":[{"href":"http:\/\/blog.windreiter.de\/index.php?rest_route=\/wp\/v2\/types\/page"}],"author":[{"embeddable":true,"href":"http:\/\/blog.windreiter.de\/index.php?rest_route=\/wp\/v2\/users\/1"}],"replies":[{"embeddable":true,"href":"http:\/\/blog.windreiter.de\/index.php?rest_route=%2Fwp%2Fv2%2Fcomments&post=477"}],"version-history":[{"count":2,"href":"http:\/\/blog.windreiter.de\/index.php?rest_route=\/wp\/v2\/pages\/477\/revisions"}],"predecessor-version":[{"id":1305,"href":"http:\/\/blog.windreiter.de\/index.php?rest_route=\/wp\/v2\/pages\/477\/revisions\/1305"}],"wp:attachment":[{"href":"http:\/\/blog.windreiter.de\/index.php?rest_route=%2Fwp%2Fv2%2Fmedia&parent=477"}],"curies":[{"name":"wp","href":"https:\/\/api.w.org\/{rel}","templated":true}]}}